
Does 110 divide 2530?
True
Does 10 divide 2220?
True
Is 144 a multiple of 6?
True
Is 6558 a multiple of 91?
False
Is 179 a multiple of 30?
False
Is 23575 a multiple of 25?
True
Is 490 a multiple of 7?
True
Does 68 divide 1088?
True
Does 2 divide 582?
True
Is 43 a factor of 1820?
False
Is 27890 a multiple of 18?
False
Is 84 a multiple of 11?
False
Is 15 a factor of 195?
True
Is 1195 a multiple of 12?
False
Is 7 a factor of 6154?
False
Is 55 a factor of 1155?
True
Does 24 divide 105768?
True
Is 19139 a multiple of 21?
False
Is 2598 a multiple of 65?
False
Does 15 divide 1139?
False
Does 11 divide 5148?
True
Is 2484 a multiple of 69?
True
Does 139 divide 755?
False
Is 11 a factor of 648?
False
Does 116 divide 10324?
True
Is 3 a factor of 200?
False
Does 47 divide 255?
False
Is 10 a factor of 957?
False
Does 45 divide 1710?
True
Does 95 divide 28310?
True
Is 7566 a multiple of 6?
True
Is 8 a factor of 12912?
True
Is 111936 a multiple of 192?
True
Does 13 divide 226?
False
Is 6 a factor of 52782?
True
Is 209 a multiple of 5?
False
Is 5508 a multiple of 18?
True
Does 9 divide 2346?
False
Is 5370 a multiple of 6?
True
Is 16748 a multiple of 212?
True
Is 188 a factor of 19928?
True
Is 20 a factor of 14740?
True
Is 294 a multiple of 7?
True
Does 11 divide 529?
False
Is 888 a multiple of 16?
False
Is 8294 a multiple of 11?
True
Does 3 divide 27141?
True
Does 105 divide 6938?
False
Is 154 a factor of 1622?
False
Is 31 a factor of 14694?
True
Is 1937 a multiple of 13?
True
Is 449 a multiple of 9?
False
Is 7 a factor of 445?
False
Is 101 a factor of 1641?
False
Is 40 a factor of 633?
False
Is 31129 a multiple of 183?
False
Does 15 divide 1140?
True
Is 16 a factor of 1248?
True
Is 21 a factor of 1782?
False
Is 1720 a multiple of 40?
True
Is 36 a factor of 1892?
False
Is 17 a factor of 6885?
True
Does 8 divide 35?
False
Is 517 a multiple of 67?
False
Does 25 divide 9060?
False
Is 67 a factor of 936?
False
Is 37 a factor of 1739?
True
Is 32 a factor of 9728?
True
Does 58 divide 2645?
False
Is 34 a factor of 6120?
True
Does 2 divide 562?
True
Is 5 a factor of 2615?
True
Is 451 a multiple of 9?
False
Does 123 divide 4251?
False
Is 20 a factor of 434?
False
Does 22 divide 484?
True
Does 24 divide 262?
False
Is 33 a factor of 988?
False
Is 16 a factor of 408?
False
Is 95 a multiple of 65?
False
Is 3316 a multiple of 14?
False
Is 8 a factor of 688?
True
Is 20 a factor of 22041?
False
Is 4449 a multiple of 13?
False
Is 22 a factor of 1299?
False
Is 13 a factor of 364?
True
Is 12 a factor of 70764?
True
Does 11 divide 6501?
True
Is 6 a factor of 28360?
False
Is 52 a factor of 3016?
True
Does 4 divide 24495?
False
Does 73 divide 9125?
True
Is 68 a factor of 579?
False
Does 132 divide 4092?
True
Does 31 divide 787?
False
Does 121 divide 39930?
True
Is 34 a factor of 1360?
True
Is 6 a factor of 1991?
False
Is 15 a factor of 69512?
False
Is 66318 a multiple of 11?
False
Is 48 a factor of 28293?
False
Is 14 a factor of 62944?
True
Is 15 a factor of 1396?
False
Is 20 a factor of 4200?
True
Is 26 a factor of 5434?
True
Does 39 divide 34632?
True
Does 3 divide 130?
False
Is 58 a factor of 32770?
True
Is 49 a factor of 2009?
True
Is 10 a factor of 17407?
False
Does 31 divide 3536?
False
Is 227 a multiple of 9?
False
Is 14 a factor of 18856?
False
Does 21 divide 288?
False
Does 7 divide 679?
True
Does 104 divide 16536?
True
Is 23 a factor of 2677?
False
Is 212 a factor of 39654?
False
Is 7700 a multiple of 14?
True
Is 470 a multiple of 10?
True
Is 19 a factor of 608?
True
Does 17 divide 2711?
False
Is 6327 a multiple of 111?
True
Is 17 a factor of 27?
False
Does 7 divide 2321?
False
Is 5 a factor of 3915?
True
Is 36 a multiple of 9?
True
Does 21 divide 50715?
True
Is 2 a factor of 483?
False
Is 43152 a multiple of 87?
True
Does 3 divide 373?
False
Does 17 divide 3220?
False
Is 475 a factor of 97375?
True
Does 15 divide 135?
True
Does 38 divide 17396?
False
Does 2 divide 7?
False
Is 16 a factor of 2672?
True
Is 40 a multiple of 7?
False
Does 34 divide 5884?
False
Is 8 a factor of 66?
False
Is 1886 a multiple of 145?
False
Is 792 a multiple of 5?
False
Is 9 a factor of 105678?
True
Is 1505 a multiple of 4?
False
Is 227 a factor of 20203?
True
Does 206 divide 14364?
False
Is 5842 a multiple of 6?
False
Is 12 a factor of 516?
True
Is 774 a multiple of 129?
True
Is 11241 even?
False
Is 9 a factor of 837?
True
Is 1111 a multiple of 32?
False
Does 17 divide 17?
True
Is 1318 a multiple of 30?
False
Is 19 a factor of 16035?
False
Does 8 divide 31704?
True
Is 1881 a multiple of 33?
True
Does 19 divide 234?
False
Is 5504 a multiple of 56?
False
Does 166 divide 6586?
False
Is 130 a multiple of 13?
True
Does 29 divide 28754?
False
Is 1426 a multiple of 23?
True
Is 27360 a multiple of 76?
True
Is 29 a multiple of 22?
False
Does 37 divide 43843?
False
Does 9 divide 560?
False
Is 9 a factor of 21821?
False
Does 10 divide 558?
False
Is 4732 a multiple of 52?
True
Is 28564 a multiple of 96?
False
Does 24 divide 1695?
False
Is 10593 a multiple of 321?
True
Is 17 a factor of 1751?
True
Is 22164 a multiple of 12?
True
Is 104715 a multiple of 272?
False
Is 77 even?
False
Does 23 divide 17208?
False
Does 61 divide 69624?
False
Is 27798 a multiple of 57?
False
Does 12 divide 1116?
True
Is 39 a factor of 7471?
False
Does 38 divide 1178?
True
Does 42 divide 756?
True
Is 4500 a multiple of 30?
True
Is 10 a factor of 191?
False
Is 1998 a multiple of 74?
True
Is 134 a multiple of 8?
False
Does 15 divide 86160?
True
Is 5520 a multiple of 10?
True
Is 211 a multiple of 11?
False
Is 8 a factor of 53?
False
Is 1287 a multiple of 10?
False
Is 16 a factor of 1632?
True
Does 63 divide 13230?
True
Is 285 a multiple of 12?
False
Is 47309 a multiple of 344?
False
Is 920 a multiple of 10?
True
Does 59 divide 4829?
False
Is 87384 a multiple of 12?
True
Does 37 divide 2701?
True
Is 2176 a multiple of 34?
True
Is 30 a factor of 154470?
True
Does 5 divide 130?
True
Is 23 a factor of 3586?
False
Is 35504 a multiple of 111?
False
Is 58 a factor of 7397?
False
Is 64 even?
True
Is 26282 a multiple of 45?
False
Is 3344 a multiple of 38?
True
Does 21 divide 737?
False
Does 231 divide 9607?
False
Does 2 divide 85?
False
Is 27210 a multiple of 98?
False
Is 473 a multiple of 29?
False
Does 7 divide 2201?
False
Is 2890 a multiple of 40?
False
Is 139 a factor of 13344?
True
Is 110 a multiple of 5?
True
Is 10 a factor of 10246?
False
Is 12240 a multiple of 18?
True
Is 18432 a multiple of 64?
True
Is 195 a multiple of 49?
False
Is 2 a factor of 2197?
False
Does 69 divide 1311?
True
Is 39 a factor of 624?
True
Is 13091 a multiple of 13?
True
Is 36210 a multiple of 69?
False
Is 34656 a multiple of 32?
True
Is 9 a factor of 563?
False
Does 20 divide 1065?
False
Is 479 a multiple of 3?
False
Is 1020 a multiple of 3?
True
Does 2 divide 1052?
True
Is 30 a factor of 3761?
False
Is 6048 a multiple of 9?
True
Is 63504 a multiple of 49?
True
Is 10 a factor of 2078?
False
Does 33 divide 13818?
False
Is 48 a factor of 5016?
False
Is 10 a factor of 690?
True
Is 79851 a multiple of 17?
False
Does 24 divide 6312?
True
Does 8 divide 1512?
True
Does 9 divide 6825?
False
Is 1286 a multiple of 3?
False
Does 2 divide 199?
False
Is 5 a factor of 111?
False
Is 1400 a multiple of 23?
False
Is 288 a multiple of 3?
True
Does 23 divide 3223?
False
Is 2 a factor of 377?
False
Does 47 divide 611?
True
Is 92 a factor of 3128?
True
Is 80 a factor of 6713?
False
Is 3880 a multiple of 4?
True
Is 24 a factor of 672?
True
Does 163 divide 33702?
False
Does 11 divide 17061?
True
Is 9 a factor of 1620?
True
Is 64 a factor of 5796?
False
Is 14 a factor of 2898?
True
Does 17 divide 77741?
True
Does 35 divide 8275?
False
Is 189 a multiple of 10?
False
Is 16 a factor of 2640?
True
Does 7 divide 17843?
True
Is 8 a factor of 8692?
False
Is 138 a multiple of 32?
False
Is 90 a factor of 15120?
True
Does 10 divide 500?
True
Is 30 a factor of 4454?
False
Is 25110 a multiple of 6?
True
Is 7 a factor of 280?
True
Is 4528 a multiple of 45?
False
Does 2 divide 1099?
False
Is 1148 a multiple of 41?
True
Is 31 even?
False
Is 64 a factor of 1664?
True
Does 18 divide 2265?
False
Is 9204 a multiple of 26?
True
Does 43 divide 22016?
True
Is 117 a factor of 1053?
True
Is 7 a factor o